{"id":90,"date":"2023-06-13T09:37:55","date_gmt":"2023-06-13T07:37:55","guid":{"rendered":"https:\/\/communepresence.org\/?page_id=90"},"modified":"2024-02-03T10:38:13","modified_gmt":"2024-02-03T09:38:13","slug":"a-propos","status":"publish","type":"page","link":"https:\/\/communepresence.org\/","title":{"rendered":"A propos"},"content":{"rendered":"<p><img loading=\"lazy\" decoding=\"async\" class=\"alignnone size-large wp-image-156\" src=\"https:\/\/communepresence.org\/wp-content\/uploads\/2024\/02\/Commune-presence_0895-1024x768.jpg\" alt=\"\" width=\"800\" height=\"600\" srcset=\"https:\/\/communepresence.org\/wp-content\/uploads\/2024\/02\/Commune-presence_0895-1024x768.jpg 1024w, https:\/\/communepresence.org\/wp-content\/uploads\/2024\/02\/Commune-presence_0895-300x225.jpg 300w, https:\/\/communepresence.org\/wp-content\/uploads\/2024\/02\/Commune-presence_0895-768x576.jpg 768w, https:\/\/communepresence.org\/wp-content\/uploads\/2024\/02\/Commune-presence_0895.jpg 1500w\" sizes=\"auto, (max-width: 800px) 100vw, 800px\" \/><\/p>\n<p>Men\u00e9 par Juliette Fontaine et Thierry Fournier, artistes, auteurices et curateurices, le projet <i>Commune pr\u00e9sence<\/i> vise \u00e0 d\u00e9ployer une pratique artistique et critique en relation \u00e9troite avec un lieu et son milieu : min\u00e9ral, v\u00e9g\u00e9tal, animal et humain. Il est bas\u00e9 dans le Perche.<\/p>\n<p>Led by artists, authors and curators Juliette Fontaine and Thierry Fournier, the <i>Commune pr\u00e9sence <\/i>project [<em>Common presence<\/em>] aims to develop an artistic and critical practice in close relation to a place and its environment: mineral, plant, animal and human. It is based in the Perche area, France.<\/p>\n<p>Mail : contact at communepresence.org<\/p>\n","protected":false},"excerpt":{"rendered":"<p>Men\u00e9 par Juliette Fontaine et Thierry Fournier, artistes, auteurices et curateurices, le projet Commune pr\u00e9sence vise \u00e0 d\u00e9ployer une pratique artistique et critique en relation \u00e9troite avec un lieu et son milieu : min\u00e9ral, v\u00e9g\u00e9tal, animal et humain. Il est bas\u00e9 dans le Perche. Led by artists, authors and curators Juliette Fontaine and Thierry Fournier, [&hellip;]<\/p>\n","protected":false},"author":1,"featured_media":0,"parent":0,"menu_order":0,"comment_status":"closed","ping_status":"closed","template":"","meta":{"footnotes":""},"class_list":["post-90","page","type-page","status-publish","hentry"],"_links":{"self":[{"href":"https:\/\/communepresence.org\/index.php\/wp-json\/wp\/v2\/pages\/90","targetHints":{"allow":["GET"]}}],"collection":[{"href":"https:\/\/communepresence.org\/index.php\/wp-json\/wp\/v2\/pages"}],"about":[{"href":"https:\/\/communepresence.org\/index.php\/wp-json\/wp\/v2\/types\/page"}],"author":[{"embeddable":true,"href":"https:\/\/communepresence.org\/index.php\/wp-json\/wp\/v2\/users\/1"}],"replies":[{"embeddable":true,"href":"https:\/\/communepresence.org\/index.php\/wp-json\/wp\/v2\/comments?post=90"}],"version-history":[{"count":35,"href":"https:\/\/communepresence.org\/index.php\/wp-json\/wp\/v2\/pages\/90\/revisions"}],"predecessor-version":[{"id":174,"href":"https:\/\/communepresence.org\/index.php\/wp-json\/wp\/v2\/pages\/90\/revisions\/174"}],"wp:attachment":[{"href":"https:\/\/communepresence.org\/index.php\/wp-json\/wp\/v2\/media?parent=90"}],"curies":[{"name":"wp","href":"https:\/\/api.w.org\/{rel}","templated":true}]}}